{"id":4131,"date":"2023-11-13T10:40:50","date_gmt":"2023-11-13T09:40:50","guid":{"rendered":"https:\/\/firco.org\/firco\/"},"modified":"2025-03-12T11:53:08","modified_gmt":"2025-03-12T10:53:08","slug":"firco","status":"publish","type":"page","link":"https:\/\/firco.org\/pt-pt\/","title":{"rendered":"Firco"},"content":{"rendered":"&#13;\n<p class=\"wp-block-paragraph\">Esta \u00e9 uma p\u00e1gina de exemplo. \u00c9 diferente de um post de blogue porque fica num s\u00f3 lugar e aparece na navega\u00e7\u00e3o do teu site (na maioria dos temas). A maioria das pessoas come\u00e7a com uma p\u00e1gina &#8220;Sobre&#8221; que as apresenta aos potenciais visitantes do s\u00edtio. Podes dizer algo como isto:<\/p>&#13;\n&#13;\n<blockquote class=\"wp-block-quote is-layout-flow wp-block-quote-is-layout-flow\">&#13;\n<p>Ol\u00e1! Sou empregado de mesa durante o dia, aspirante a ator \u00e0 noite e este \u00e9 o meu site. Vivo em Mairena del Alcor, tenho um c\u00e3o chamado Firulais e gosto de rebujito. (E longas tardes com caf\u00e9).<\/p>&#13;\n<\/blockquote>&#13;\n&#13;\n<p class=\"wp-block-paragraph\">&#8230;ou algo do g\u00e9nero:<\/p>&#13;\n&#13;\n<blockquote class=\"wp-block-quote is-layout-flow wp-block-quote-is-layout-flow\">&#13;\n<p>A empresa &#8220;Mariscos Recio&#8221; foi fundada por Antonio Recio Mata. Come\u00e7ou por ser uma pequena empresa que fornecia marisco a hot\u00e9is e restaurantes, mas gradualmente transformou-se num enorme imp\u00e9rio. Mariscos Recio, o mar ao melhor pre\u00e7o.<\/p>&#13;\n<\/blockquote>&#13;\n&#13;\n<p class=\"wp-block-paragraph\">Como novo utilizador do WordPress, deves ir ao <a href=\"https:\/\/firco.org\/wp-admin\/\">teu ambiente de trabalho<\/a> para eliminar esta p\u00e1gina e criar novas p\u00e1ginas para o teu conte\u00fado. Diverte-te!<\/p>&#13;\n","protected":false},"excerpt":{"rendered":"<p>&#13; Esta \u00e9 uma p\u00e1gina de exemplo. \u00c9 diferente de um post de blogue porque fica num s\u00f3 lugar e aparece na navega\u00e7\u00e3o do teu site (na maioria dos temas). A maioria das pessoas come\u00e7a com uma p\u00e1gina &#8220;Sobre&#8221; que as apresenta aos potenciais visitantes do s\u00edtio. Podes dizer algo como isto: &#13; &#13; &#13; [&hellip;]<\/p>\n","protected":false},"author":7,"featured_media":0,"parent":0,"menu_order":0,"comment_status":"closed","ping_status":"open","template":"","meta":{"_acf_changed":false,"inline_featured_image":false,"footnotes":""},"class_list":["post-4131","page","type-page","status-publish","hentry"],"acf":[],"yoast_head":"<!-- This site is optimized with the Yoast SEO plugin v28.4 - https:\/\/yoast.com\/product\/yoast-seo-wordpress\/ -->\n<title>Firco<\/title>\n<meta name=\"description\" content=\"O FiRCO \u00e9 o primeiro e \u00fanico festival de circo ibero-americano do mundo, um evento que aposta no circo como um espet\u00e1culo cultural de primeira ordem e \u00e9 o evento de refer\u00eancia para a vibrante cena circense latino-americana. Os artistas seleccionados dos 23 pa\u00edses da Ibero-Am\u00e9rica competem em diferentes disciplinas perante um j\u00fari especializado e tamb\u00e9m atrav\u00e9s do voto do p\u00fablico.\" \/>\n<meta name=\"robots\" content=\"index, follow, max-snippet:-1, max-image-preview:large, max-video-preview:-1\" \/>\n<link rel=\"canonical\" href=\"https:\/\/firco.org\/firco\/\" \/>\n<meta property=\"og:locale\" content=\"pt_PT\" \/>\n<meta property=\"og:type\" content=\"article\" \/>\n<meta property=\"og:title\" content=\"Firco\" \/>\n<meta property=\"og:description\" content=\"O FiRCO \u00e9 o primeiro e \u00fanico festival de circo ibero-americano do mundo, um evento que aposta no circo como um espet\u00e1culo cultural de primeira ordem e \u00e9 o evento de refer\u00eancia para a vibrante cena circense latino-americana. Os artistas seleccionados dos 23 pa\u00edses da Ibero-Am\u00e9rica competem em diferentes disciplinas perante um j\u00fari especializado e tamb\u00e9m atrav\u00e9s do voto do p\u00fablico.\" \/>\n<meta property=\"og:url\" content=\"https:\/\/firco.org\/firco\/\" \/>\n<meta property=\"og:site_name\" content=\"Firco\" \/>\n<meta property=\"article:modified_time\" content=\"2025-03-12T10:53:08+00:00\" \/>\n<meta name=\"twitter:card\" content=\"summary_large_image\" \/>\n<meta name=\"twitter:label1\" content=\"Tempo estimado de leitura\" \/>\n\t<meta name=\"twitter:data1\" content=\"1 minuto\" \/>\n<script type=\"application\/ld+json\" class=\"yoast-schema-graph\">{\"@context\":\"https:\\\/\\\/schema.org\",\"@graph\":[{\"@type\":\"WebPage\",\"@id\":\"https:\\\/\\\/firco.org\\\/firco\\\/\",\"url\":\"https:\\\/\\\/firco.org\\\/firco\\\/\",\"name\":\"Firco\",\"isPartOf\":{\"@id\":\"https:\\\/\\\/firco.org\\\/#website\"},\"datePublished\":\"2023-11-13T09:40:50+00:00\",\"dateModified\":\"2025-03-12T10:53:08+00:00\",\"description\":\"O FiRCO \u00e9 o primeiro e \u00fanico festival de circo ibero-americano do mundo, um evento que aposta no circo como um espet\u00e1culo cultural de primeira ordem e \u00e9 o evento de refer\u00eancia para a vibrante cena circense latino-americana. Os artistas seleccionados dos 23 pa\u00edses da Ibero-Am\u00e9rica competem em diferentes disciplinas perante um j\u00fari especializado e tamb\u00e9m atrav\u00e9s do voto do p\u00fablico.\",\"breadcrumb\":{\"@id\":\"https:\\\/\\\/firco.org\\\/firco\\\/#breadcrumb\"},\"inLanguage\":\"pt-PT\",\"potentialAction\":[{\"@type\":\"ReadAction\",\"target\":[\"https:\\\/\\\/firco.org\\\/firco\\\/\"]}]},{\"@type\":\"BreadcrumbList\",\"@id\":\"https:\\\/\\\/firco.org\\\/firco\\\/#breadcrumb\",\"itemListElement\":[{\"@type\":\"ListItem\",\"position\":1,\"name\":\"Portada\",\"item\":\"https:\\\/\\\/firco.org\\\/firco\\\/\"},{\"@type\":\"ListItem\",\"position\":2,\"name\":\"Firco\"}]},{\"@type\":\"WebSite\",\"@id\":\"https:\\\/\\\/firco.org\\\/#website\",\"url\":\"https:\\\/\\\/firco.org\\\/\",\"name\":\"Firco\",\"description\":\"\",\"potentialAction\":[{\"@type\":\"SearchAction\",\"target\":{\"@type\":\"EntryPoint\",\"urlTemplate\":\"https:\\\/\\\/firco.org\\\/?s={search_term_string}\"},\"query-input\":{\"@type\":\"PropertyValueSpecification\",\"valueRequired\":true,\"valueName\":\"search_term_string\"}}],\"inLanguage\":\"pt-PT\"}]}<\/script>\n<!-- \/ Yoast SEO plugin. -->","yoast_head_json":{"title":"Firco","description":"O FiRCO \u00e9 o primeiro e \u00fanico festival de circo ibero-americano do mundo, um evento que aposta no circo como um espet\u00e1culo cultural de primeira ordem e \u00e9 o evento de refer\u00eancia para a vibrante cena circense latino-americana. Os artistas seleccionados dos 23 pa\u00edses da Ibero-Am\u00e9rica competem em diferentes disciplinas perante um j\u00fari especializado e tamb\u00e9m atrav\u00e9s do voto do p\u00fablico.","robots":{"index":"index","follow":"follow","max-snippet":"max-snippet:-1","max-image-preview":"max-image-preview:large","max-video-preview":"max-video-preview:-1"},"canonical":"https:\/\/firco.org\/firco\/","og_locale":"pt_PT","og_type":"article","og_title":"Firco","og_description":"O FiRCO \u00e9 o primeiro e \u00fanico festival de circo ibero-americano do mundo, um evento que aposta no circo como um espet\u00e1culo cultural de primeira ordem e \u00e9 o evento de refer\u00eancia para a vibrante cena circense latino-americana. Os artistas seleccionados dos 23 pa\u00edses da Ibero-Am\u00e9rica competem em diferentes disciplinas perante um j\u00fari especializado e tamb\u00e9m atrav\u00e9s do voto do p\u00fablico.","og_url":"https:\/\/firco.org\/firco\/","og_site_name":"Firco","article_modified_time":"2025-03-12T10:53:08+00:00","twitter_card":"summary_large_image","twitter_misc":{"Tempo estimado de leitura":"1 minuto"},"schema":{"@context":"https:\/\/schema.org","@graph":[{"@type":"WebPage","@id":"https:\/\/firco.org\/firco\/","url":"https:\/\/firco.org\/firco\/","name":"Firco","isPartOf":{"@id":"https:\/\/firco.org\/#website"},"datePublished":"2023-11-13T09:40:50+00:00","dateModified":"2025-03-12T10:53:08+00:00","description":"O FiRCO \u00e9 o primeiro e \u00fanico festival de circo ibero-americano do mundo, um evento que aposta no circo como um espet\u00e1culo cultural de primeira ordem e \u00e9 o evento de refer\u00eancia para a vibrante cena circense latino-americana. Os artistas seleccionados dos 23 pa\u00edses da Ibero-Am\u00e9rica competem em diferentes disciplinas perante um j\u00fari especializado e tamb\u00e9m atrav\u00e9s do voto do p\u00fablico.","breadcrumb":{"@id":"https:\/\/firco.org\/firco\/#breadcrumb"},"inLanguage":"pt-PT","potentialAction":[{"@type":"ReadAction","target":["https:\/\/firco.org\/firco\/"]}]},{"@type":"BreadcrumbList","@id":"https:\/\/firco.org\/firco\/#breadcrumb","itemListElement":[{"@type":"ListItem","position":1,"name":"Portada","item":"https:\/\/firco.org\/firco\/"},{"@type":"ListItem","position":2,"name":"Firco"}]},{"@type":"WebSite","@id":"https:\/\/firco.org\/#website","url":"https:\/\/firco.org\/","name":"Firco","description":"","potentialAction":[{"@type":"SearchAction","target":{"@type":"EntryPoint","urlTemplate":"https:\/\/firco.org\/?s={search_term_string}"},"query-input":{"@type":"PropertyValueSpecification","valueRequired":true,"valueName":"search_term_string"}}],"inLanguage":"pt-PT"}]}},"_links":{"self":[{"href":"https:\/\/firco.org\/pt-pt\/wp-json\/wp\/v2\/pages\/4131","targetHints":{"allow":["GET"]}}],"collection":[{"href":"https:\/\/firco.org\/pt-pt\/wp-json\/wp\/v2\/pages"}],"about":[{"href":"https:\/\/firco.org\/pt-pt\/wp-json\/wp\/v2\/types\/page"}],"author":[{"embeddable":true,"href":"https:\/\/firco.org\/pt-pt\/wp-json\/wp\/v2\/users\/7"}],"replies":[{"embeddable":true,"href":"https:\/\/firco.org\/pt-pt\/wp-json\/wp\/v2\/comments?post=4131"}],"version-history":[{"count":22,"href":"https:\/\/firco.org\/pt-pt\/wp-json\/wp\/v2\/pages\/4131\/revisions"}],"predecessor-version":[{"id":6277,"href":"https:\/\/firco.org\/pt-pt\/wp-json\/wp\/v2\/pages\/4131\/revisions\/6277"}],"wp:attachment":[{"href":"https:\/\/firco.org\/pt-pt\/wp-json\/wp\/v2\/media?parent=4131"}],"curies":[{"name":"wp","href":"https:\/\/api.w.org\/{rel}","templated":true}]}}

&#13;
<p class="wp-block-paragraph">Esta é uma página de exemplo. É diferente de um post de blogue porque fica num só lugar e aparece na navegação do teu site (na maioria dos temas). A maioria das pessoas começa com uma página &#8220;Sobre&#8221; que as apresenta aos potenciais visitantes do sítio. Podes dizer algo como isto:</p>&#13;
&#13;
<blockquote class="wp-block-quote is-layout-flow wp-block-quote-is-layout-flow">&#13;
<p>Olá! Sou empregado de mesa durante o dia, aspirante a ator à noite e este é o meu site. Vivo em Mairena del Alcor, tenho um cão chamado Firulais e gosto de rebujito. (E longas tardes com café).</p>&#13;
</blockquote>&#13;
&#13;
<p class="wp-block-paragraph">&#8230;ou algo do género:</p>&#13;
&#13;
<blockquote class="wp-block-quote is-layout-flow wp-block-quote-is-layout-flow">&#13;
<p>A empresa &#8220;Mariscos Recio&#8221; foi fundada por Antonio Recio Mata. Começou por ser uma pequena empresa que fornecia marisco a hotéis e restaurantes, mas gradualmente transformou-se num enorme império. Mariscos Recio, o mar ao melhor preço.</p>&#13;
</blockquote>&#13;
&#13;
<p class="wp-block-paragraph">Como novo utilizador do WordPress, deves ir ao <a href="https://firco.org/wp-admin/">teu ambiente de trabalho</a> para eliminar esta página e criar novas páginas para o teu conteúdo. Diverte-te!</p>&#13;

<p>&#13; Esta é uma página de exemplo. É diferente de um post de blogue porque fica num só lugar e aparece na navegação do teu site (na maioria dos temas). A maioria das pessoas começa com uma página &#8220;Sobre&#8221; que as apresenta aos potenciais visitantes do sítio. Podes dizer algo como isto: &#13; &#13; &#13; [&hellip;]</p>

<!-- This site is optimized with the Yoast SEO plugin v28.4 - https://yoast.com/product/yoast-seo-wordpress/ -->
<title>Firco</title>
<meta name="description" content="O FiRCO é o primeiro e único festival de circo ibero-americano do mundo, um evento que aposta no circo como um espetáculo cultural de primeira ordem e é o evento de referência para a vibrante cena circense latino-americana. Os artistas seleccionados dos 23 países da Ibero-América competem em diferentes disciplinas perante um júri especializado e também através do voto do público." />
<meta name="robots" content="index, follow, max-snippet:-1, max-image-preview:large, max-video-preview:-1" />
<link rel="canonical" href="https://firco.org/firco/" />
<meta property="og:locale" content="pt_PT" />
<meta property="og:type" content="article" />
<meta property="og:title" content="Firco" />
<meta property="og:description" content="O FiRCO é o primeiro e único festival de circo ibero-americano do mundo, um evento que aposta no circo como um espetáculo cultural de primeira ordem e é o evento de referência para a vibrante cena circense latino-americana. Os artistas seleccionados dos 23 países da Ibero-América competem em diferentes disciplinas perante um júri especializado e também através do voto do público." />
<meta property="og:url" content="https://firco.org/firco/" />
<meta property="og:site_name" content="Firco" />
<meta property="article:modified_time" content="2025-03-12T10:53:08+00:00" />
<meta name="twitter:card" content="summary_large_image" />
<meta name="twitter:label1" content="Tempo estimado de leitura" />
	<meta name="twitter:data1" content="1 minuto" />
<script type="application/ld+json" class="yoast-schema-graph">{"@context":"https:\/\/schema.org","@graph":[{"@type":"WebPage","@id":"https:\/\/firco.org\/firco\/","url":"https:\/\/firco.org\/firco\/","name":"Firco","isPartOf":{"@id":"https:\/\/firco.org\/#website"},"datePublished":"2023-11-13T09:40:50+00:00","dateModified":"2025-03-12T10:53:08+00:00","description":"O FiRCO é o primeiro e único festival de circo ibero-americano do mundo, um evento que aposta no circo como um espetáculo cultural de primeira ordem e é o evento de referência para a vibrante cena circense latino-americana. Os artistas seleccionados dos 23 países da Ibero-América competem em diferentes disciplinas perante um júri especializado e também através do voto do público.","breadcrumb":{"@id":"https:\/\/firco.org\/firco\/#breadcrumb"},"inLanguage":"pt-PT","potentialAction":[{"@type":"ReadAction","target":["https:\/\/firco.org\/firco\/"]}]},{"@type":"BreadcrumbList","@id":"https:\/\/firco.org\/firco\/#breadcrumb","itemListElement":[{"@type":"ListItem","position":1,"name":"Portada","item":"https:\/\/firco.org\/firco\/"},{"@type":"ListItem","position":2,"name":"Firco"}]},{"@type":"WebSite","@id":"https:\/\/firco.org\/#website","url":"https:\/\/firco.org\/","name":"Firco","description":"","potentialAction":[{"@type":"SearchAction","target":{"@type":"EntryPoint","urlTemplate":"https:\/\/firco.org\/?s={search_term_string}"},"query-input":{"@type":"PropertyValueSpecification","valueRequired":true,"valueName":"search_term_string"}}],"inLanguage":"pt-PT"}]}</script>
<!-- / Yoast SEO plugin. -->

O FiRCO é o primeiro e único festival de circo ibero-americano do mundo, um evento que aposta no circo como um espetáculo cultural de primeira ordem e é o evento de referência para a vibrante cena circense latino-americana. Os artistas seleccionados dos 23 países da Ibero-América competem em diferentes disciplinas perante um júri especializado e também através do voto do público.
